and 66?
66
Calculate the greatest common factor of 76 and 342.
38
What is the highest common factor of 27 and 360?
9
Calculate the greatest common divisor of 2225 and 178.
89
Calculate the highest common divisor of 1632 and 238.
34
Calculate the highest common factor of 105 and 165.
15
Calculate the greatest common divisor of 49 and 5929.
49
What is the highest common divisor of 264 and 3036?
132
What is the highest common factor of 61 and 32696?
61
What is the highest common factor of 1634 and 258?
86
What is the highest common factor of 3 and 49?
1
Calculate the greatest common factor of 435 and 2349.
87
Calculate the greatest common divisor of 3704 and 8.
8
What is the greatest common factor of 6 and 69?
3
What is the greatest common divisor of 29 and 667?
29
What is the highest common factor of 1755 and 2145?
195
Calculate the greatest common factor of 828 and 81.
9
What is the greatest common divisor of 50 and 275?
25
What is the greatest common divisor of 4785 and 60?
15
Calculate the greatest common factor of 16 and 5008.
16
Calculate the greatest common factor of 59 and 1593.
59
Calculate the greatest common divisor of 26 and 16.
2
Calculate the highest common divisor of 256 and 10.
2
Calculate the greatest common divisor of 550 and 2420.
110
Calculate the highest common divisor of 10650 and 600.
150
What is the greatest common divisor of 112 and 224?
112
What is the greatest common divisor of 460 and 368?
92
What is the greatest common factor of 624 and 32?
16
What is the highest common divisor of 1173 and 2001?
69
What is the highest common factor of 10 and 11155?
5
Calculate the greatest common factor of 169 and 23491.
169
Calculate the greatest common divisor of 34 and 34.
34
What is the highest common divisor of 3600 and 5?
5
Calculate the greatest common divisor of 30 and 25215.
15
Calculate the greatest common divisor of 112 and 756.
28
Calculate the highest common divisor of 10856 and 92.
92
What is the greatest common divisor of 9565 and 10?
5
Calculate the greatest common factor of 584 and 32.
8
Calculate the greatest common factor of 117 and 156.
39
Calculate the highest common factor of 450 and 180.
90
What is the greatest common factor of 12 and 52?
4
Calculate the highest common divisor of 1794 and 78.
78
What is the highest common factor of 13 and 5?
1
Calculate the highest common factor of 22 and 143.
11
Calculate the highest common factor of 1 and 61.
1
Calculate the greatest common factor of 4 and 92.
4
What is the highest common divisor of 90 and 390?
30
What is the highest common factor of 68 and 1241?
17
Calculate the greatest common divisor of 136 and 170.
34
Calculate the greatest common factor of 529 and 506.
23
What is the highest common divisor of 7 and 2681?
7
What is the highest common factor of 407 and 37?
37
Calculate the highest common factor of 341 and 248.
31
Calculate the highest common divisor of 131 and 655.
131
Calculate the highest common factor of 13022 and 17.
17
What is the greatest common divisor of 1166 and 66?
22
What is the highest common factor of 40992 and 6?
6
What is the highest common divisor of 30 and 6130?
10
What is the highest common factor of 21 and 1260?
21
Calculate the greatest common divisor of 80 and 2416.
16
What is the highest common divisor of 11 and 1353?
11
Calculate the greatest common divisor of 30 and 90.
30
Calculate the highest common factor of 27 and 64.
1
Calculate the highest common factor of 8 and 24.
8
What is the greatest common divisor of 575 and 92?
23
Calculate the highest common divisor of 34 and 17.
17
What is the greatest common factor of 155 and 25?
5
Calculate the highest common divisor of 72 and 648.
72
Calculate the greatest common divisor of 570 and 171.
57
What is the highest common divisor of 52 and 2457?
13
What is the highest common divisor of 7636 and 92?
92
Calculate the greatest common divisor of 1682 and 1537.
29
Calculate the greatest common divisor of 1792 and 14.
14
Calculate the highest common divisor of 6789 and 93.
93
Calculate the highest common factor of 196 and 441.
49
What is the highest common divisor of 8 and 776?
8
What is the highest common factor of 19 and 28975?
19
Calculate the highest common factor of 275 and 143.
11
Calculate the greatest common divisor of 18 and 384.
6
What is the highest common factor of 52 and 858?
26
Calculate the greatest common divisor of 175 and 7.
7
Calculate the greatest common factor of 606 and 6.
6
Calculate the highest common factor of 24 and 21464.
8
Calculate the greatest common divisor of 304 and 19.
19
Calculate the highest common divisor of 18 and 10.
2
Calculate the highest common factor of 720 and 585.
45
What is the greatest common divisor of 981 and 27?
9
Calculate the highest common factor of 19 and 24415.
19
What is the highest common divisor of 360 and 80?
40
Calculate the highest common factor of 8 and 250.
2
Calculate the highest common divisor of 799 and 47.
47
What is the greatest common factor of 8787 and 87?
87
Calculate the highest common divisor of 970 and 470.
10
Calculate the greatest common factor of 3976 and 448.
56
What is the greatest common divisor of 11 and 9163?
11
Calculate the greatest common factor of 6641 and 348.
29
What is the highest common divisor of 22 and 55?
11
Calculate the greatest common factor of 10773 and 228.
57
What is the highest common divisor of 474 and 30?
6
Calculate the highest common divisor of 138 and 3404.
46
What is the highest common divisor of 40 and 540?
20
Calculate the highest common factor of 31 and 1829.
31
What is the highest common factor of 486 and 72?
18
What is the highest common divisor of 1 and 9?
1
Calculate the greatest common factor of 152 and 4028.
76
What is the greatest common divisor of 26 and 468?
26
What is the highest common factor of 52 and 4108?
52
What is the greatest common divisor of 964 and 36?
4
What is the greatest common factor of 5840 and 292?
292
What is the greatest common factor of 580 and 29?
29
Calculate the greatest common factor of 186 and 22754.
62
What is the highest common divisor of 976 and 160?
16
Calculate the highest common factor of 106 and 583.
53
Calculate the greatest common factor of 194 and 485.
97
What is the highest common divisor of 1400 and 112?
56
Calculate the highest common factor of 783 and 87.
87
Calculate the highest common factor of 4215 and 30.
15
What is the highest common factor of 276 and 7038?
138
What is the highest common factor of 531 and 11328?
177
What is the greatest common divisor of 64 and 100?
4
What is the greatest common divisor of 27 and 3177?
9
Calculate the greatest common divisor of 328 and 1394.
82
What is the greatest common divisor of 4 and 28?
4
Calculate the greatest common factor of 84 and 228.
12
What is the highest common factor of 5004 and 492?
12
What is the highest common divisor of 266 and 14?
14
Calculate the highest common divisor of 14 and 4046.
14
Calculate the greatest common divisor of 29 and 4727.
29
What is the greatest common factor of 80 and 1648?
16
Calculate the greatest common divisor of 24 and 156.
12
Calculate the greatest common divisor of 58 and 23519.
29
What is the highest common divisor of 341 and 11?
11
What is the highest common factor of 1071 and 3808?
119
What is the greatest common factor of 1005 and 67?
67
What is the highest common factor of 9860 and 10?
10
Calculate the greatest common factor of 729 and 405.
81
Calculate the highest common divisor of 11 and 22.
11
Calculate the highest common divisor of 9 and 2.
1
Calculate the greatest common divisor of 55 and 979.
11
Calculate the greatest common factor of 120 and 24.
24
What is the greatest common divisor of 24 and 18?
6
What is the greatest common divisor of 4400 and 1584?
176
What is the highest common divisor of 16 and 120?
8
Calculate the highest common factor of 665 and 35.
35
Calculate the highest common divisor of 56 and 42.
14
Calculate the greatest common divisor of 30 and 12.
6
Calculate the greatest common divisor of 575 and 25.
25
What is the greatest common factor of 102 and 221?
17
Calculate the greatest common divisor of 808 and 120.
8
Calculate the highest common factor of 13972 and 56.
28
Calculate the highest common factor of 7 and 308.
7
Ca